a + 3. Let h be l(11). Let o = h + -3. Let x be -2 + o + 1 + 11. What is the highest common divisor of 4 and x?
2
Let v(a) = 12*a. Suppose 0 = j - 0*j. Let g = j - -1. Let q be v(g). Calculate the greatest common factor of 24 and q.
12
Let s be 2/(-4)*-26 + 3. What is the greatest common factor of s and 4?
4
Suppose -3*f + 4 + 8 = 0. Suppose 0 = -5*u - 5, 0*u = -2*q + f*u + 130. Calculate the greatest common factor of 42 and q.
21
Let y(u) = 5*u - 4. Let v be y(6). Calculate the greatest common divisor of v and 65.
13
Suppose 3*v - 2*s = 17, -3*v - 3*s = -s - 1. What is the highest common factor of v and 21?
3
Let d be 2/1 - (-14)/7. What is the highest common factor of d and 14?
2
Let k(x) = -2 + 2*x + 0*x**2 - 5*x + x**2. Let c be k(-2). Let h = 0 + c. Calculate the highest common divisor of 40 and h.
8
Suppose -103 = -4*o - 0*o - 5*n, 3*o + 4*n - 78 = 0. Suppose 2*h - o = -4. What is the highest common divisor of h and 45?
9
Let z be (-3 - -1)*(-1683)/22. Let p be 17 + 3/9*0. Calculate the highest common factor of z and p.
17
Let i = 51 + -44. What is the greatest common divisor of i and 49?
7
Suppose 21*a - 350 = 7*a. Let i be 0 - 1/(2/(-200)). Calculate the greatest common factor of i and a.
25
Let u(l) = -2*l**3 - 3*l**2 + 5*l + 5. Let o be u(-3). What is the highest common divisor of 34 and o?
17
Suppose -14 + 84 = 5*l. Let n = l + 10. What is the greatest common divisor of 3 and n?
3
Suppose -5*q + 3*i + 60 = 0, 0 = -3*q - 0*i + 4*i + 36. Let j(g) = -g + 2. Let n be j(-2). Let c = n + 2. What is the highest common factor of q and c?
6
Let s be (36/30)/(1/10). Let w(l) = l**3 + 6*l**2 - 6*l. Let y be w(-6). What is the greatest common factor of s and y?
12
Let b(q) = 3*q + 2. Let a be b(2). Suppose a = -0*y + 2*y. Let x(c) = c**2 - 2*c - 5. Let u be x(y). Calculate the highest common divisor of 12 and u.
3
Let a be (-1)/(135/69 + -2). Let j = 14 + a. Let b = 79 - j. What is the highest common factor of 63 and b?
21
Suppose 140 = 5*d + 5*s, 5*d - s = 3*s + 158. Calculate the greatest common factor of 6 and d.
6
Suppose -3 - 17 = -5*j. Suppose 8 = i + j. Suppose 5*s - 37 = -5*z + 3, i = -2*s. Calculate the highest common factor of z and 2.
2
Suppose -4*w + 2*k + 16 = -0*w, 2*k = w - 1. Suppose 0 = -w*g - 10, -a - g = -3*a + 28. Calculate the highest common divisor of a and 117.
13
Let f(t) = -1. Let m(q) = -q + 8. Let w(y) = 4*f(y) + m(y). Let c be w(-6). What is the greatest common divisor of 2 and c?
2
Let s be (-6)/27 - (-156)/(-27). Let k be (s/(-8))/((-2)/(-8)). Suppose k = 2*w - 11. What is the greatest common divisor of 1 and w?
1
Let z = 10 + -8. Suppose -3*l - z*t + 198 = 3*t, 0 = 2*l - 2*t - 132. Suppose 2*f - 8 = 4. Calculate the highest common factor of l and f.
6
Suppose -4*h - 7 = -3*h - 2*t, h - 5*t = -22. Suppose -2*o = -4*o + 224. Let l = o - 79. Calculate the highest common divisor of h and l.
3
Let x(m) = 5*m**2 - m - 2 - m**3 - 2*m - 2 + 2*m**3. Let d be x(-6). Let s be -1*(-51)/(-6)*d. What is the greatest common divisor of s and 17?
17
Let b = -2 + 3. Let p be (b/3*0)/(-1). Suppose p = -3*z + 8 + 22. What is the highest common divisor of z and 30?
10
Let n(y) = y**3 - 13*y**2 - 13*y. Let u be n(14). What is the highest common divisor of 28 and u?
14
Let j be (19 - -2)*(-1)/(-3). Calculate the greatest common factor of j and 49.
7
Suppose 13 = 3*k - f, -k = f - 0*f + 1. Let g = 14 - 26. Let x be (4/g)/((-1)/3). What is the highest common factor of x and k?
1
Suppose 5*g - 116 - 599 = 0. What is the greatest common factor of g and 13?
13
Let q be (-4)/7*(-7)/2. Suppose -162 = -q*b - 0*b. Suppose -2*p = -2, 0 = -5*i - 3*p - 3 + 51. What is the greatest common divisor of b and i?
9
Let n(g) = g + 2. Let d be n(0). Let m be (4 - d) + (-2 - -3). Suppose -2*j + 9 = q, -2*j - 3*q - q + 18 = 0. What is the highest common divisor of j and m?
3
Let k be (-4)/(-26) - (10485/(-39) + -3). What is the greatest common divisor of 34 and k?
34
Suppose 2*k + 19 = 3*d, -d - k + 8 = -2*k. Let w = -7 + 13. Suppose -d*o = -w*o + 18. What is the highest common factor of 42 and o?
6
Let g be 2*(18/12 - (-9)/6). What is the greatest common divisor of g and 24?
6
Let q be (1 + 0)/(8/72). What is the greatest common factor of q and 18?
9
Suppose 4*w + 2*o = 1146, -4*o + 880 = 3*w + 28. What is the highest common divisor of 32 and w?
32
Let s be 1/4 + 415/4. Let m = 178 - 152. What is the highest common factor of m and s?
26
Suppose 5*n = 2*b - 44, 0 = -b + n - 0*n + 22. Calculate the greatest common factor of b and 22.
22
Let l be (-8)/20 - (-156)/15. Calculate the greatest common divisor of l and 40.
10
Suppose 0 = -4*o + 3*o + 6. Let g be 44/o - 5/15. What is the greatest common factor of g and 21?
7
Suppose 0 = 3*y + 2*y - 2475. Suppose -5*z - 2*t = t - 591, 4*z - 5*t = y. Calculate the greatest common divisor of 15 and z.
15
Let y(n) = 2*n - 1. Let j be y(-4). Let q be -24*(1 - (-15)/j). What is the highest common factor of 80 and q?
16
Let o(s) = -s**2 - 13*s + 10. Let v be o(-10). Suppose -q = -h - 0 + 7, -19 = -h - 3*q. Calculate the greatest common divisor of h and v.
10
Let o(c) = -c**2 + 8*c - 4. Let y(q) = -2*q + 1. Let r be y(-3). Let k be o(r). Let g be ((-3)/(-2))/(k/28). What is the greatest common divisor of g and 14?
14
Suppose -5*q + 4*u + 86 = u, 0 = -3*u + 9. Calculate the greatest common factor of 171 and q.
19
Let t be ((-10)/4)/(25/(-60)). Calculate the greatest common divisor of 42 and t.
6
Let s = -97 - -137. Calculate the greatest common factor of 60 and s.
20
Let b(a) = a**2 + 11*a + 9. Let f be b(-10). Let k(u) = 49*u**2 + u + 2. Let w be k(f). What is the highest common divisor of 20 and w?
10
Suppose 10*a - 7*a = -2*l + 147, -2*a = 2*l - 142. Let u(k) = k + 6. Let x be u(0). What is the greatest common factor of x and l?
6
Suppose -u - 2*u = -495. Suppose -w = 5*h - 322, 5*w + 175 + u = 5*h. Suppose 4*v - 52 = -0*v. Calculate the highest common divisor of v and h.
13
Let s = -105 + 190. Suppose 4*i = -5 + s. What is the highest common factor of i and 5?
5
Let y(x) = 6*x + 40. Let s be y(-5). Calculate the highest common divisor of s and 270.
10
Suppose -7 = -o - 2. Let r be (-24)/16*(4/6 - 2). Suppose o*k = -3*j + 48, -r*k - 80 = -5*j - 6*k. Calculate the greatest common divisor of j and 80.
16
Suppose 37 + 2 = s - 2*g, 4*s - 156 = -3*g. Suppose -3*u = -4*b + 153, -2*b + 2*u - s = -117. Calculate the highest common divisor of 12 and b.
12
Let o be (-1)/(-3 + (-114)/(-39)). Let a = 66 + -40. What is the greatest common factor of o and a?
13
Let d(l) = 13*l**2 + l + 1. Let h be d(-1). Let o = 258 + -141. Calculate the highest common factor of h and o.
13
Let s be -30*(65/25 + (-2 - 1)). What is the greatest common factor of 6 and s?
6
Let a be (-1 - 1)*(-78)/4. Let m be 1 + a + 1/(-1). Calculate the highest common divisor of 26 and m.
13
Let v be 5 + -4 + (2 - -2). Suppose -2*g - g = -v*b - 25, -3*g = -b - 29. Calculate the highest common divisor of 4 and g.
2
Suppose -40 = -4*i - 2*w, -3*i = 4*w - 6 - 14. What is the greatest common factor of i and 204?
12
Let a be (2/(-5))/((-4)/20). Let z be 28/a*(1 + 0). Suppose z*k - 45 = 11*k. Calculate the greatest common factor of 10 and k.
5
Let x(o) be the second derivative of -o**5/20 - o**4/3 - o**3/2 + 2*o**2 - 4*o. Let v be x(-3). Calculate the greatest common divisor of 20 and v.
4
Suppose -2*q + 4*h = 4 + 2, -4*q = -h - 16. Calculate the highest common divisor of q and 5.
5
Suppose 0*r + a = r + 16, -69 = 4*r - 3*a. Let p be -56 - ((3 - 6) + 1). Let b = r - p. What is the greatest common factor of 3 and b?
3
Suppose 26*y = 17*y + 270. Calculate the greatest common factor of 10 and y.
10
Suppose 0*c - 2*c + 16 = 0. Suppose -3*d + 76 = -c. Suppose -5*m + 28 = -2*s, -m - 4 = -0*m + 2*s. Calculate the highest common factor of d and m.
4
Let f be (0 + 2)*(-1452)/(-24). What is the greatest common divisor of f and 11?
11
Suppose -1 = 4*c - 181. What is the highest common divisor of 18 and c?
9
Let p(u) = 7*u + 9. Let i be p(2). Suppose 6*n = n + 115. What is the highest common factor of n and i?
23
Suppose -4*i = -0*i - 52. Calculate the greatest common divisor of i and 13.
13
Let z = 2 + 15. Calculate the greatest common factor of 153 and z.
17
Let j = -8 + -1. Let s 